{"id":38,"date":"2024-01-11T14:18:05","date_gmt":"2024-01-11T14:18:05","guid":{"rendered":"https:\/\/www.leslilasdebellefontaine.com\/?page_id=38"},"modified":"2024-12-29T16:17:59","modified_gmt":"2024-12-29T16:17:59","slug":"tarifs-et-offres-speciales","status":"publish","type":"page","link":"https:\/\/www.leslilasdebellefontaine.com\/index.php\/tarifs-et-offres-speciales\/","title":{"rendered":"Tarifs et offres sp\u00e9ciales"},"content":{"rendered":"\t\t<div data-elementor-type=\"wp-page\" data-elementor-id=\"38\" class=\"elementor elementor-38\">\n\t\t\t\t<div class=\"elementor-element elementor-element-f39e125 e-flex e-con-boxed e-con e-parent\" data-id=\"f39e125\" data-element_type=\"container\" data-e-type=\"container\">\n\t\t\t\t\t<div class=\"e-con-inner\">\n\t\t\t\t<div class=\"elementor-element elementor-element-8250642 elementor-widget elementor-widget-heading\" data-id=\"8250642\" data-element_type=\"widget\" data-e-type=\"widget\" data-widget_type=\"heading.default\">\n\t\t\t\t<div class=\"elementor-widget-container\">\n\t\t\t\t\t<h2 class=\"elementor-heading-title elementor-size-small\"><br><br>Chambre au rez de chauss\u00e9e pour 2 personnes<br><br> avec salon, cuisine, jardin, parking<br><br>200 euros petits d\u00e9jeuners compris par nuit<br><br> (3 nuits minimum)<br><br><br><br><\/h2>\t\t\t\t<\/div>\n\t\t\t\t<\/div>\n\t\t\t\t\t<\/div>\n\t\t\t\t<\/div>\n\t\t<div class=\"elementor-element elementor-element-00c6350 e-flex e-con-boxed e-con e-parent\" data-id=\"00c6350\" data-element_type=\"container\" data-e-type=\"container\">\n\t\t\t\t\t<div class=\"e-con-inner\">\n\t\t\t\t<div class=\"elementor-element elementor-element-515f9c3 elementor-widget elementor-widget-heading\" data-id=\"515f9c3\" data-element_type=\"widget\" data-e-type=\"widget\" data-widget_type=\"heading.default\">\n\t\t\t\t<div class=\"elementor-widget-container\">\n\t\t\t\t\t<h2 class=\"elementor-heading-title elementor-size-small\"><br><br>Maison enti\u00e8re pour 4 personnes <br><br> 3 chambres, 2 salles de bain, salon, cuisine, jardin,  parking <br><br>300 euros par nuit petits d\u00e9jeuners compris <br><br> (3 nuits minimum) <br><br>\n<br><br><br><\/h2>\t\t\t\t<\/div>\n\t\t\t\t<\/div>\n\t\t\t\t\t<\/div>\n\t\t\t\t<\/div>\n\t\t<div class=\"elementor-element elementor-element-ec69846 e-flex e-con-boxed e-con e-parent\" data-id=\"ec69846\" data-element_type=\"container\" data-e-type=\"container\">\n\t\t\t\t\t<div class=\"e-con-inner\">\n\t\t\t\t<div class=\"elementor-element elementor-element-a2a4cfa elementor-widget elementor-widget-heading\" data-id=\"a2a4cfa\" data-element_type=\"widget\" data-e-type=\"widget\" data-widget_type=\"heading.default\">\n\t\t\t\t<div class=\"elementor-widget-container\">\n\t\t\t\t\t<h2 class=\"elementor-heading-title elementor-size-small\"><br><br>Maison enti\u00e8re pour 5 personnes<br><br> 3 chambres, 2 salles de bain, salon, cuisine, jardin,  parking <br><br>315 euros par nuit  petits d\u00e9jeuners compris<br><br>(3 nuits minimum)<br><br><\/h2>\t\t\t\t<\/div>\n\t\t\t\t<\/div>\n\t\t\t\t<div class=\"elementor-element elementor-element-cd1bc55 elementor-widget elementor-widget-heading\" data-id=\"cd1bc55\" data-element_type=\"widget\" data-e-type=\"widget\" data-widget_type=\"heading.default\">\n\t\t\t\t<div class=\"elementor-widget-container\">\n\t\t\t\t\t<h2 class=\"elementor-heading-title elementor-size-small\"><br><br>Maison enti\u00e8re <br><br> 3 chambres, 2 salles de bain, salon, cuisine, jardin,  parking <br><br>240 euros par nuit sans petits d\u00e9jeuners<br><br>(3 nuits minimum)<br><br><\/h2>\t\t\t\t<\/div>\n\t\t\t\t<\/div>\n\t\t\t\t\t<\/div>\n\t\t\t\t<\/div>\n\t\t<div class=\"elementor-element elementor-element-8c3290c e-flex e-con-boxed e-con e-parent\" data-id=\"8c3290c\" data-element_type=\"container\" data-e-type=\"container\">\n\t\t\t\t\t<div class=\"e-con-inner\">\n\t\t\t\t\t<\/div>\n\t\t\t\t<\/div>\n\t\t\t\t<\/div>\n\t\t","protected":false},"excerpt":{"rendered":"<p>Chambre au rez de chauss\u00e9e pour 2 personnes avec salon, cuisine, jardin, parking 200 euros petits d\u00e9jeuners compris par nuit (3 nuits minimum) Maison enti\u00e8re pour 4 personnes 3 chambres, 2 salles de bain, salon, cuisine, jardin, parking 300 euros par nuit petits d\u00e9jeuners compris (3 nuits minimum) Maison enti\u00e8re pour 5 personnes 3 chambres, [&hellip;]<\/p>\n","protected":false},"author":1,"featured_media":0,"parent":0,"menu_order":0,"comment_status":"closed","ping_status":"closed","template":"","meta":{"footnotes":""},"class_list":["post-38","page","type-page","status-publish","hentry"],"yoast_head":"<!-- This site is optimized with the Yoast SEO plugin v27.4 - https:\/\/yoast.com\/product\/yoast-seo-wordpress\/ -->\n<title>Tarifs et offres sp\u00e9ciales - Les Lilas de Bellefontaine<\/title>\n<meta name=\"robots\" content=\"index, follow, max-snippet:-1, max-image-preview:large, max-video-preview:-1\" \/>\n<link rel=\"canonical\" href=\"https:\/\/www.leslilasdebellefontaine.com\/index.php\/tarifs-et-offres-speciales\/\" \/>\n<meta property=\"og:locale\" content=\"fr_FR\" \/>\n<meta property=\"og:type\" content=\"article\" \/>\n<meta property=\"og:title\" content=\"Tarifs et offres sp\u00e9ciales - Les Lilas de Bellefontaine\" \/>\n<meta property=\"og:description\" content=\"Chambre au rez de chauss\u00e9e pour 2 personnes avec salon, cuisine, jardin, parking 200 euros petits d\u00e9jeuners compris par nuit (3 nuits minimum) Maison enti\u00e8re pour 4 personnes 3 chambres, 2 salles de bain, salon, cuisine, jardin, parking 300 euros par nuit petits d\u00e9jeuners compris (3 nuits minimum) Maison enti\u00e8re pour 5 personnes 3 chambres, [&hellip;]\" \/>\n<meta property=\"og:url\" content=\"https:\/\/www.leslilasdebellefontaine.com\/index.php\/tarifs-et-offres-speciales\/\" \/>\n<meta property=\"og:site_name\" content=\"Les Lilas de Bellefontaine\" \/>\n<meta property=\"article:modified_time\" content=\"2024-12-29T16:17:59+00:00\" \/>\n<meta name=\"twitter:card\" content=\"summary_large_image\" \/>\n<meta name=\"twitter:label1\" content=\"Dur\u00e9e de lecture estim\u00e9e\" \/>\n\t<meta name=\"twitter:data1\" content=\"1 minute\" \/>\n<script type=\"application\/ld+json\" class=\"yoast-schema-graph\">{\"@context\":\"https:\\\/\\\/schema.org\",\"@graph\":[{\"@type\":\"WebPage\",\"@id\":\"https:\\\/\\\/www.leslilasdebellefontaine.com\\\/index.php\\\/tarifs-et-offres-speciales\\\/\",\"url\":\"https:\\\/\\\/www.leslilasdebellefontaine.com\\\/index.php\\\/tarifs-et-offres-speciales\\\/\",\"name\":\"Tarifs et offres sp\u00e9ciales - Les Lilas de Bellefontaine\",\"isPartOf\":{\"@id\":\"https:\\\/\\\/www.leslilasdebellefontaine.com\\\/#website\"},\"datePublished\":\"2024-01-11T14:18:05+00:00\",\"dateModified\":\"2024-12-29T16:17:59+00:00\",\"breadcrumb\":{\"@id\":\"https:\\\/\\\/www.leslilasdebellefontaine.com\\\/index.php\\\/tarifs-et-offres-speciales\\\/#breadcrumb\"},\"inLanguage\":\"fr-FR\",\"potentialAction\":[{\"@type\":\"ReadAction\",\"target\":[\"https:\\\/\\\/www.leslilasdebellefontaine.com\\\/index.php\\\/tarifs-et-offres-speciales\\\/\"]}]},{\"@type\":\"BreadcrumbList\",\"@id\":\"https:\\\/\\\/www.leslilasdebellefontaine.com\\\/index.php\\\/tarifs-et-offres-speciales\\\/#breadcrumb\",\"itemListElement\":[{\"@type\":\"ListItem\",\"position\":1,\"name\":\"Accueil\",\"item\":\"https:\\\/\\\/www.leslilasdebellefontaine.com\\\/\"},{\"@type\":\"ListItem\",\"position\":2,\"name\":\"Tarifs et offres sp\u00e9ciales\"}]},{\"@type\":\"WebSite\",\"@id\":\"https:\\\/\\\/www.leslilasdebellefontaine.com\\\/#website\",\"url\":\"https:\\\/\\\/www.leslilasdebellefontaine.com\\\/\",\"name\":\"Les Lilas de Bellefontaine\",\"description\":\"\",\"publisher\":{\"@id\":\"https:\\\/\\\/www.leslilasdebellefontaine.com\\\/#organization\"},\"potentialAction\":[{\"@type\":\"SearchAction\",\"target\":{\"@type\":\"EntryPoint\",\"urlTemplate\":\"https:\\\/\\\/www.leslilasdebellefontaine.com\\\/?s={search_term_string}\"},\"query-input\":{\"@type\":\"PropertyValueSpecification\",\"valueRequired\":true,\"valueName\":\"search_term_string\"}}],\"inLanguage\":\"fr-FR\"},{\"@type\":\"Organization\",\"@id\":\"https:\\\/\\\/www.leslilasdebellefontaine.com\\\/#organization\",\"name\":\"Les Lilas de Bellefontaine\",\"url\":\"https:\\\/\\\/www.leslilasdebellefontaine.com\\\/\",\"logo\":{\"@type\":\"ImageObject\",\"inLanguage\":\"fr-FR\",\"@id\":\"https:\\\/\\\/www.leslilasdebellefontaine.com\\\/#\\\/schema\\\/logo\\\/image\\\/\",\"url\":\"https:\\\/\\\/www.leslilasdebellefontaine.com\\\/wp-content\\\/uploads\\\/2024\\\/01\\\/logo_leslilasdebellefontaine_128_128-1.png\",\"contentUrl\":\"https:\\\/\\\/www.leslilasdebellefontaine.com\\\/wp-content\\\/uploads\\\/2024\\\/01\\\/logo_leslilasdebellefontaine_128_128-1.png\",\"width\":128,\"height\":128,\"caption\":\"Les Lilas de Bellefontaine\"},\"image\":{\"@id\":\"https:\\\/\\\/www.leslilasdebellefontaine.com\\\/#\\\/schema\\\/logo\\\/image\\\/\"}}]}<\/script>\n<!-- \/ Yoast SEO plugin. -->","yoast_head_json":{"title":"Tarifs et offres sp\u00e9ciales - Les Lilas de Bellefontaine","robots":{"index":"index","follow":"follow","max-snippet":"max-snippet:-1","max-image-preview":"max-image-preview:large","max-video-preview":"max-video-preview:-1"},"canonical":"https:\/\/www.leslilasdebellefontaine.com\/index.php\/tarifs-et-offres-speciales\/","og_locale":"fr_FR","og_type":"article","og_title":"Tarifs et offres sp\u00e9ciales - Les Lilas de Bellefontaine","og_description":"Chambre au rez de chauss\u00e9e pour 2 personnes avec salon, cuisine, jardin, parking 200 euros petits d\u00e9jeuners compris par nuit (3 nuits minimum) Maison enti\u00e8re pour 4 personnes 3 chambres, 2 salles de bain, salon, cuisine, jardin, parking 300 euros par nuit petits d\u00e9jeuners compris (3 nuits minimum) Maison enti\u00e8re pour 5 personnes 3 chambres, [&hellip;]","og_url":"https:\/\/www.leslilasdebellefontaine.com\/index.php\/tarifs-et-offres-speciales\/","og_site_name":"Les Lilas de Bellefontaine","article_modified_time":"2024-12-29T16:17:59+00:00","twitter_card":"summary_large_image","twitter_misc":{"Dur\u00e9e de lecture estim\u00e9e":"1 minute"},"schema":{"@context":"https:\/\/schema.org","@graph":[{"@type":"WebPage","@id":"https:\/\/www.leslilasdebellefontaine.com\/index.php\/tarifs-et-offres-speciales\/","url":"https:\/\/www.leslilasdebellefontaine.com\/index.php\/tarifs-et-offres-speciales\/","name":"Tarifs et offres sp\u00e9ciales - Les Lilas de Bellefontaine","isPartOf":{"@id":"https:\/\/www.leslilasdebellefontaine.com\/#website"},"datePublished":"2024-01-11T14:18:05+00:00","dateModified":"2024-12-29T16:17:59+00:00","breadcrumb":{"@id":"https:\/\/www.leslilasdebellefontaine.com\/index.php\/tarifs-et-offres-speciales\/#breadcrumb"},"inLanguage":"fr-FR","potentialAction":[{"@type":"ReadAction","target":["https:\/\/www.leslilasdebellefontaine.com\/index.php\/tarifs-et-offres-speciales\/"]}]},{"@type":"BreadcrumbList","@id":"https:\/\/www.leslilasdebellefontaine.com\/index.php\/tarifs-et-offres-speciales\/#breadcrumb","itemListElement":[{"@type":"ListItem","position":1,"name":"Accueil","item":"https:\/\/www.leslilasdebellefontaine.com\/"},{"@type":"ListItem","position":2,"name":"Tarifs et offres sp\u00e9ciales"}]},{"@type":"WebSite","@id":"https:\/\/www.leslilasdebellefontaine.com\/#website","url":"https:\/\/www.leslilasdebellefontaine.com\/","name":"Les Lilas de Bellefontaine","description":"","publisher":{"@id":"https:\/\/www.leslilasdebellefontaine.com\/#organization"},"potentialAction":[{"@type":"SearchAction","target":{"@type":"EntryPoint","urlTemplate":"https:\/\/www.leslilasdebellefontaine.com\/?s={search_term_string}"},"query-input":{"@type":"PropertyValueSpecification","valueRequired":true,"valueName":"search_term_string"}}],"inLanguage":"fr-FR"},{"@type":"Organization","@id":"https:\/\/www.leslilasdebellefontaine.com\/#organization","name":"Les Lilas de Bellefontaine","url":"https:\/\/www.leslilasdebellefontaine.com\/","logo":{"@type":"ImageObject","inLanguage":"fr-FR","@id":"https:\/\/www.leslilasdebellefontaine.com\/#\/schema\/logo\/image\/","url":"https:\/\/www.leslilasdebellefontaine.com\/wp-content\/uploads\/2024\/01\/logo_leslilasdebellefontaine_128_128-1.png","contentUrl":"https:\/\/www.leslilasdebellefontaine.com\/wp-content\/uploads\/2024\/01\/logo_leslilasdebellefontaine_128_128-1.png","width":128,"height":128,"caption":"Les Lilas de Bellefontaine"},"image":{"@id":"https:\/\/www.leslilasdebellefontaine.com\/#\/schema\/logo\/image\/"}}]}},"_links":{"self":[{"href":"https:\/\/www.leslilasdebellefontaine.com\/index.php\/wp-json\/wp\/v2\/pages\/38","targetHints":{"allow":["GET"]}}],"collection":[{"href":"https:\/\/www.leslilasdebellefontaine.com\/index.php\/wp-json\/wp\/v2\/pages"}],"about":[{"href":"https:\/\/www.leslilasdebellefontaine.com\/index.php\/wp-json\/wp\/v2\/types\/page"}],"author":[{"embeddable":true,"href":"https:\/\/www.leslilasdebellefontaine.com\/index.php\/wp-json\/wp\/v2\/users\/1"}],"replies":[{"embeddable":true,"href":"https:\/\/www.leslilasdebellefontaine.com\/index.php\/wp-json\/wp\/v2\/comments?post=38"}],"version-history":[{"count":52,"href":"https:\/\/www.leslilasdebellefontaine.com\/index.php\/wp-json\/wp\/v2\/pages\/38\/revisions"}],"predecessor-version":[{"id":765,"href":"https:\/\/www.leslilasdebellefontaine.com\/index.php\/wp-json\/wp\/v2\/pages\/38\/revisions\/765"}],"wp:attachment":[{"href":"https:\/\/www.leslilasdebellefontaine.com\/index.php\/wp-json\/wp\/v2\/media?parent=38"}],"curies":[{"name":"wp","href":"https:\/\/api.w.org\/{rel}","templated":true}]}}

Tarifs et offres spéciales

<div data-elementor-type="wp-page" data-elementor-id="38" class="elementor elementor-38">
				<div class="elementor-element elementor-element-f39e125 e-flex e-con-boxed e-con e-parent" data-id="f39e125" data-element_type="container" data-e-type="container">
					<div class="e-con-inner">
				<div class="elementor-element elementor-element-8250642 elementor-widget elementor-widget-heading" data-id="8250642" data-element_type="widget" data-e-type="widget" data-widget_type="heading.default">
				<div class="elementor-widget-container">
					<h2 class="elementor-heading-title elementor-size-small"><br><br>Chambre au rez de chaussée pour 2 personnes<br><br> avec salon, cuisine, jardin, parking<br><br>200 euros petits déjeuners compris par nuit<br><br> (3 nuits minimum)<br><br><br><br></h2>				</div>
				</div>
					</div>
				</div>
		<div class="elementor-element elementor-element-00c6350 e-flex e-con-boxed e-con e-parent" data-id="00c6350" data-element_type="container" data-e-type="container">
					<div class="e-con-inner">
				<div class="elementor-element elementor-element-515f9c3 elementor-widget elementor-widget-heading" data-id="515f9c3" data-element_type="widget" data-e-type="widget" data-widget_type="heading.default">
				<div class="elementor-widget-container">
					<h2 class="elementor-heading-title elementor-size-small"><br><br>Maison entière pour 4 personnes <br><br> 3 chambres, 2 salles de bain, salon, cuisine, jardin,  parking <br><br>300 euros par nuit petits déjeuners compris <br><br> (3 nuits minimum) <br><br>
<br><br><br></h2>				</div>
				</div>
					</div>
				</div>
		<div class="elementor-element elementor-element-ec69846 e-flex e-con-boxed e-con e-parent" data-id="ec69846" data-element_type="container" data-e-type="container">
					<div class="e-con-inner">
				<div class="elementor-element elementor-element-a2a4cfa elementor-widget elementor-widget-heading" data-id="a2a4cfa" data-element_type="widget" data-e-type="widget" data-widget_type="heading.default">
				<div class="elementor-widget-container">
					<h2 class="elementor-heading-title elementor-size-small"><br><br>Maison entière pour 5 personnes<br><br> 3 chambres, 2 salles de bain, salon, cuisine, jardin,  parking <br><br>315 euros par nuit  petits déjeuners compris<br><br>(3 nuits minimum)<br><br></h2>				</div>
				</div>
				<div class="elementor-element elementor-element-cd1bc55 elementor-widget elementor-widget-heading" data-id="cd1bc55" data-element_type="widget" data-e-type="widget" data-widget_type="heading.default">
				<div class="elementor-widget-container">
					<h2 class="elementor-heading-title elementor-size-small"><br><br>Maison entière <br><br> 3 chambres, 2 salles de bain, salon, cuisine, jardin,  parking <br><br>240 euros par nuit sans petits déjeuners<br><br>(3 nuits minimum)<br><br></h2>				</div>
				</div>
					</div>
				</div>
		<div class="elementor-element elementor-element-8c3290c e-flex e-con-boxed e-con e-parent" data-id="8c3290c" data-element_type="container" data-e-type="container">
					<div class="e-con-inner">
					</div>
				</div>
				</div>

<p>Chambre au rez de chaussée pour 2 personnes avec salon, cuisine, jardin, parking 200 euros petits déjeuners compris par nuit (3 nuits minimum) Maison entière pour 4 personnes 3 chambres, 2 salles de bain, salon, cuisine, jardin, parking 300 euros par nuit petits déjeuners compris (3 nuits minimum) Maison entière pour 5 personnes 3 chambres, [&hellip;]</p>

<!-- This site is optimized with the Yoast SEO plugin v27.4 - https://yoast.com/product/yoast-seo-wordpress/ -->
<title>Tarifs et offres spéciales - Les Lilas de Bellefontaine</title>
<meta name="robots" content="index, follow, max-snippet:-1, max-image-preview:large, max-video-preview:-1" />
<link rel="canonical" href="https://www.leslilasdebellefontaine.com/index.php/tarifs-et-offres-speciales/" />
<meta property="og:locale" content="fr_FR" />
<meta property="og:type" content="article" />
<meta property="og:title" content="Tarifs et offres spéciales - Les Lilas de Bellefontaine" />
<meta property="og:description" content="Chambre au rez de chaussée pour 2 personnes avec salon, cuisine, jardin, parking 200 euros petits déjeuners compris par nuit (3 nuits minimum) Maison entière pour 4 personnes 3 chambres, 2 salles de bain, salon, cuisine, jardin, parking 300 euros par nuit petits déjeuners compris (3 nuits minimum) Maison entière pour 5 personnes 3 chambres, [&hellip;]" />
<meta property="og:url" content="https://www.leslilasdebellefontaine.com/index.php/tarifs-et-offres-speciales/" />
<meta property="og:site_name" content="Les Lilas de Bellefontaine" />
<meta property="article:modified_time" content="2024-12-29T16:17:59+00:00" />
<meta name="twitter:card" content="summary_large_image" />
<meta name="twitter:label1" content="Durée de lecture estimée" />
	<meta name="twitter:data1" content="1 minute" />
<script type="application/ld+json" class="yoast-schema-graph">{"@context":"https:\/\/schema.org","@graph":[{"@type":"WebPage","@id":"https:\/\/www.leslilasdebellefontaine.com\/index.php\/tarifs-et-offres-speciales\/","url":"https:\/\/www.leslilasdebellefontaine.com\/index.php\/tarifs-et-offres-speciales\/","name":"Tarifs et offres spéciales - Les Lilas de Bellefontaine","isPartOf":{"@id":"https:\/\/www.leslilasdebellefontaine.com\/#website"},"datePublished":"2024-01-11T14:18:05+00:00","dateModified":"2024-12-29T16:17:59+00:00","breadcrumb":{"@id":"https:\/\/www.leslilasdebellefontaine.com\/index.php\/tarifs-et-offres-speciales\/#breadcrumb"},"inLanguage":"fr-FR","potentialAction":[{"@type":"ReadAction","target":["https:\/\/www.leslilasdebellefontaine.com\/index.php\/tarifs-et-offres-speciales\/"]}]},{"@type":"BreadcrumbList","@id":"https:\/\/www.leslilasdebellefontaine.com\/index.php\/tarifs-et-offres-speciales\/#breadcrumb","itemListElement":[{"@type":"ListItem","position":1,"name":"Accueil","item":"https:\/\/www.leslilasdebellefontaine.com\/"},{"@type":"ListItem","position":2,"name":"Tarifs et offres spéciales"}]},{"@type":"WebSite","@id":"https:\/\/www.leslilasdebellefontaine.com\/#website","url":"https:\/\/www.leslilasdebellefontaine.com\/","name":"Les Lilas de Bellefontaine","description":"","publisher":{"@id":"https:\/\/www.leslilasdebellefontaine.com\/#organization"},"potentialAction":[{"@type":"SearchAction","target":{"@type":"EntryPoint","urlTemplate":"https:\/\/www.leslilasdebellefontaine.com\/?s={search_term_string}"},"query-input":{"@type":"PropertyValueSpecification","valueRequired":true,"valueName":"search_term_string"}}],"inLanguage":"fr-FR"},{"@type":"Organization","@id":"https:\/\/www.leslilasdebellefontaine.com\/#organization","name":"Les Lilas de Bellefontaine","url":"https:\/\/www.leslilasdebellefontaine.com\/","logo":{"@type":"ImageObject","inLanguage":"fr-FR","@id":"https:\/\/www.leslilasdebellefontaine.com\/#\/schema\/logo\/image\/","url":"https:\/\/www.leslilasdebellefontaine.com\/wp-content\/uploads\/2024\/01\/logo_leslilasdebellefontaine_128_128-1.png","contentUrl":"https:\/\/www.leslilasdebellefontaine.com\/wp-content\/uploads\/2024\/01\/logo_leslilasdebellefontaine_128_128-1.png","width":128,"height":128,"caption":"Les Lilas de Bellefontaine"},"image":{"@id":"https:\/\/www.leslilasdebellefontaine.com\/#\/schema\/logo\/image\/"}}]}</script>
<!-- / Yoast SEO plugin. -->

Tarifs et offres spéciales - Les Lilas de Bellefontaine

Chambre au rez de chaussée pour 2 personnes avec salon, cuisine, jardin, parking 200 euros petits déjeuners compris par nuit (3 nuits minimum) Maison entière pour 4 personnes 3 chambres, 2 salles de bain, salon, cuisine, jardin, parking 300 euros par nuit petits déjeuners compris (3 nuits minimum) Maison entière pour 5 personnes 3 chambres, [&hellip;]
