{"id":45,"date":"2024-01-11T14:22:30","date_gmt":"2024-01-11T14:22:30","guid":{"rendered":"https:\/\/www.leslilasdebellefontaine.com\/?page_id=45"},"modified":"2024-02-13T09:07:03","modified_gmt":"2024-02-13T09:07:03","slug":"conditions-generales-de-vente","status":"publish","type":"page","link":"https:\/\/www.leslilasdebellefontaine.com\/index.php\/conditions-generales-de-vente\/","title":{"rendered":"Conditions g\u00e9n\u00e9rales de vente"},"content":{"rendered":"\t\t<div data-elementor-type=\"wp-page\" data-elementor-id=\"45\" class=\"elementor elementor-45\">\n\t\t\t\t<div class=\"elementor-element elementor-element-048bbac e-flex e-con-boxed e-con e-parent\" data-id=\"048bbac\" data-element_type=\"container\" data-e-type=\"container\">\n\t\t\t\t\t<div class=\"e-con-inner\">\n\t\t\t\t<div class=\"elementor-element elementor-element-12f4e57 elementor-widget elementor-widget-text-editor\" data-id=\"12f4e57\" data-element_type=\"widget\" data-e-type=\"widget\" data-widget_type=\"text-editor.default\">\n\t\t\t\t<div class=\"elementor-widget-container\">\n\t\t\t\t\t\t\t\t\t<p><strong><span style=\"color: #444444;\"><span style=\"font-family: arial, helvetica, sans-serif;\"><span style=\"font-size: medium;\"><b>Conditions g\u00e9n\u00e9rales de vente pour les r\u00e9servations de la maison d&rsquo;h\u00f4tes aux<\/b><\/span><\/span><\/span><\/strong><span style=\"color: #444444;\"><span style=\"font-family: arial, helvetica, sans-serif;\"><span style=\"font-size: medium;\"><br \/><\/span><\/span><\/span><strong><span style=\"color: #444444;\"><span style=\"font-family: arial, helvetica, sans-serif;\"><span style=\"font-size: medium;\"><b>Lilas de Bellefontaine 14400 Bayeux<\/b><\/span><\/span><\/span><\/strong><\/p><p><strong><span style=\"color: #444444;\"><span style=\"font-family: arial, helvetica, sans-serif;\"><span style=\"font-size: medium;\"><b>Article 1 \u2013 Dur\u00e9e du s\u00e9jour :<\/b><\/span><\/span><\/span><\/strong><\/p><p><span style=\"color: #444444;\"><span style=\"font-family: arial, helvetica, sans-serif;\"><span style=\"font-size: medium;\">Le client loue la maison d&rsquo;h\u00f4tes pour une dur\u00e9e d\u00e9termin\u00e9e et ne pourra en aucune circonstance se pr\u00e9valoir d\u2019un quelconque droit au maintien dans les lieux.<\/span><\/span><\/span><\/p><p><strong><span style=\"color: #444444;\"><span style=\"font-family: arial, helvetica, sans-serif;\"><span style=\"font-size: medium;\"><b>Article 2 \u2013 Validation d\u2019une r\u00e9servation :<\/b><\/span><\/span><\/span><\/strong><\/p><p><span style=\"color: #444444;\"><span style=\"font-family: arial, helvetica, sans-serif;\"><span style=\"font-size: medium;\">La r\u00e9servation se fait par la r\u00e9servation en ligne, par mail ou par t\u00e9l\u00e9phone.<\/span><\/span><\/span><\/p><p><span style=\"color: #444444;\"><span style=\"font-family: arial, helvetica, sans-serif;\"><span style=\"font-size: medium;\">Mail :\u00a0<\/span><\/span><\/span><a href=\"https:\/\/webmail1m.orange.fr\/webmail\/fr_FR\/read.html?FOLDER=SF_INBOX&amp;IDMSG=36728&amp;check=&amp;SORTBY=1#\" target=\"_blank\" rel=\"noopener\"><span style=\"color: #007dbc;\"><span style=\"font-family: arial, helvetica, sans-serif;\"><span style=\"font-size: medium;\"><u>leslilasdebellefontaine14@gmail<\/u><\/span><\/span><\/span><\/a><span style=\"color: #444444;\"><span style=\"font-family: arial, helvetica, sans-serif;\"><span style=\"font-size: medium;\">.<\/span><\/span><\/span><a href=\"https:\/\/webmail1m.orange.fr\/webmail\/fr_FR\/read.html?FOLDER=SF_INBOX&amp;IDMSG=36728&amp;check=&amp;SORTBY=1#\" target=\"_blank\" rel=\"noopener\"><span style=\"color: #007dbc;\"><span style=\"font-family: arial, helvetica, sans-serif;\"><span style=\"font-size: medium;\"><u>com<\/u><\/span><\/span><\/span><\/a><\/p><p><span style=\"color: #444444;\"><span style=\"font-family: arial, helvetica, sans-serif;\"><span style=\"font-size: medium;\">Tel : (+33)683069435<\/span><\/span><\/span><\/p><p><span style=\"color: #444444;\"><span style=\"font-family: arial, helvetica, sans-serif;\"><span style=\"font-size: medium;\">La r\u00e9servation est acquise apr\u00e8s r\u00e9ception des arrhes.<\/span><\/span><\/span><\/p><p><span style=\"color: #444444;\"><span style=\"font-family: arial, helvetica, sans-serif;\"><span style=\"font-size: medium;\">Le montant des arrhes s\u2019\u00e9l\u00e8ve \u00e0 30% du prix total du s\u00e9jour avec un minimum correspondant au prix d\u2019une nuit\u00e9e.<br \/>Le paiement des arrhes peut s\u2019effectuer :<\/span><\/span><\/span><\/p><ul><li><span style=\"color: #444444;\"><span style=\"font-family: arial, helvetica, sans-serif;\"><span style=\"font-size: medium;\">par ch\u00e8que bancaire (\u00e0 l\u2019ordre de Catherine Hily)<\/span><\/span><\/span><\/li><li><span style=\"color: #444444;\"><span style=\"font-family: arial, helvetica, sans-serif;\"><span style=\"font-size: medium;\">ch\u00e8ques ANCV<\/span><\/span><\/span><\/li><li><span style=\"color: #444444;\"><span style=\"font-family: arial, helvetica, sans-serif;\"><span style=\"font-size: medium;\">Par Virement Bancaire BIC<\/span><\/span><\/span><\/li><\/ul><p><span style=\"color: #444444;\"><span style=\"font-family: arial, helvetica, sans-serif;\"><span style=\"font-size: medium;\">Le versement des arrhes implique l\u2019acceptation des pr\u00e9sentes conditions g\u00e9n\u00e9rales de vente.<br \/>D\u00e8s r\u00e9ception des arrhes, il vous sera envoy\u00e9 un mail de bonne r\u00e9ception avec le d\u00e9tail de la prestation r\u00e9serv\u00e9e, ayant valeur de contrat.<\/span><\/span><\/span><\/p><p><span style=\"color: #444444;\"><span style=\"font-family: arial, helvetica, sans-serif;\"><span style=\"font-size: medium;\"><br \/><\/span><\/span><\/span><strong><span style=\"color: #444444;\"><span style=\"font-family: arial, helvetica, sans-serif;\"><span style=\"font-size: medium;\"><b>Article 3 \u2013 Annulation par le client :<\/b><\/span><\/span><\/span><\/strong><\/p><p><span style=\"color: #444444;\"><span style=\"font-family: arial, helvetica, sans-serif;\"><span style=\"font-size: medium;\">Toute annulation doit \u00eatre notifi\u00e9e par mail adress\u00e9 au propri\u00e9taire.<\/span><\/span><\/span><\/p><p><span style=\"color: #444444;\"><span style=\"font-family: arial, helvetica, sans-serif;\"><span style=\"font-size: medium;\">Vu la crise sanitaire :<br \/>Si l\u2019annulation intervient plus de 3 jours avant le d\u00e9but du s\u00e9jour, les arrhes seront restitu\u00e9s au client.<\/span><\/span><\/span><\/p><p><span style=\"color: #444444;\"><span style=\"font-family: arial, helvetica, sans-serif;\"><span style=\"font-size: medium;\">Si l\u2019annulation intervient moins de 3 jours avant le d\u00e9but du s\u00e9jour, les arrhes restent acquis aux propri\u00e9taires.<\/span><\/span><\/span><\/p><p><span style=\"color: #444444;\"><span style=\"font-family: arial, helvetica, sans-serif;\"><span style=\"font-size: medium;\">En cas de s\u00e9jour \u00e9court\u00e9 \u00e0 cause de la crise sanitaire, le prix correspondant uniquement au prix du s\u00e9jour effectu\u00e9.<\/span><\/span><\/span><\/p><p><strong><span style=\"color: #444444;\"><span style=\"font-family: arial, helvetica, sans-serif;\"><span style=\"font-size: medium;\"><b>Article 4 \u2013 Annulation par les propri\u00e9taires :<\/b><\/span><\/span><\/span><\/strong><\/p><p><span style=\"color: #444444;\"><span style=\"font-family: arial, helvetica, sans-serif;\"><span style=\"font-size: medium;\">Si les propri\u00e9taires annulent le s\u00e9jour, pour des raisons ind\u00e9pendantes de leur volont\u00e9, ils informeront le client le plus rapidement possible par t\u00e9l\u00e9phone ou mail et rembourseront les sommes vers\u00e9es.<\/span><\/span><\/span><\/p><p><strong><span style=\"color: #444444;\"><span style=\"font-family: arial, helvetica, sans-serif;\"><span style=\"font-size: medium;\"><b>Article 5 \u2013 Heure d\u2019arriv\u00e9e :<\/b><\/span><\/span><\/span><\/strong><\/p><p><span style=\"color: #444444;\"><span style=\"font-family: arial, helvetica, sans-serif;\"><span style=\"font-size: medium;\">Les arriv\u00e9es se font entre 17h et 20h. Merci de pr\u00e9venir en cas d\u2019arriv\u00e9e tardive.<\/span><\/span><\/span><\/p><p><strong><span style=\"color: #444444;\"><span style=\"font-family: arial, helvetica, sans-serif;\"><span style=\"font-size: medium;\"><b>Article 6 \u2013 Heure de d\u00e9part :<\/b><\/span><\/span><\/span><\/strong><\/p><p><span style=\"color: #444444;\"><span style=\"font-family: arial, helvetica, sans-serif;\"><span style=\"font-size: medium;\">La maison doit \u00eatre lib\u00e9r\u00e9e pour 11h.<\/span><\/span><\/span><\/p><p><strong><span style=\"color: #444444;\"><span style=\"font-family: arial, helvetica, sans-serif;\"><span style=\"font-size: medium;\"><b>Article 7 \u2013 R\u00e8glement du solde de l\u2019h\u00e9bergement :<\/b><\/span><\/span><\/span><\/strong><\/p><p><span style=\"color: #444444;\"><span style=\"font-family: arial, helvetica, sans-serif;\"><span style=\"font-size: medium;\">Le solde du s\u00e9jour peut s&rsquo;\u00e9fectuer :<\/span><\/span><\/span><\/p><ul><li><span style=\"color: #444444;\"><span style=\"font-family: arial, helvetica, sans-serif;\"><span style=\"font-size: medium;\">par ch\u00e8que ou en esp\u00e8ces en fin de s\u00e9jour.<\/span><\/span><\/span><\/li><li><span style=\"color: #444444;\"><span style=\"font-family: arial, helvetica, sans-serif;\"><span style=\"font-size: medium;\">par virement bancaire BIC avant le d\u00e9but du s\u00e9jour.<\/span><\/span><\/span><\/li><li><span style=\"color: #444444;\"><span style=\"font-family: arial, helvetica, sans-serif;\"><span style=\"font-size: medium;\">Par ch\u00e8que vacances<\/span><\/span><\/span><\/li><\/ul><p><strong><span style=\"color: #444444;\"><span style=\"font-family: arial, helvetica, sans-serif;\"><span style=\"font-size: medium;\"><b>Article 8 \u2013 Taxe de s\u00e9jour :<\/b><\/span><\/span><\/span><\/strong><\/p><p><span style=\"color: #444444;\"><span style=\"font-family: arial, helvetica, sans-serif;\"><span style=\"font-size: medium;\">La taxe de s\u00e9jour ( 0,70 \u20ac \/jour\/personne ) est un imp\u00f4t local non compris dans le prix de la nuit\u00e9e. Elle est collect\u00e9e par les propri\u00e9taires pour le compte de la commune et est revers\u00e9e ensuite au Tr\u00e9sor Public.<\/span><\/span><\/span><\/p><p><strong><span style=\"color: #444444;\"><span style=\"font-family: arial, helvetica, sans-serif;\"><span style=\"font-size: medium;\"><b>Article 9\u2013 Petit d\u00e9jeuner :<\/b><\/span><\/span><\/span><\/strong><\/p><p><span style=\"color: #444444;\"><span style=\"font-family: arial, helvetica, sans-serif;\"><span style=\"font-size: medium;\">Il est possible de r\u00e9server le petit d\u00e9jeuner \/ le prix est de 12 euros par adulte et 8 euros par enfant ( moins de 12 ans). Il est servi \u00e0 partir de 7h30 (l&rsquo;horaire sera indiqu\u00e9 par le visiteur)<\/span><\/span><\/span><\/p><p><strong><span style=\"color: #444444;\"><span style=\"font-family: arial, helvetica, sans-serif;\"><span style=\"font-size: medium;\"><b>Article 10\u2013 Les animaux de compagnie :<\/b><\/span><\/span><\/span><\/strong><\/p><p><span style=\"color: #444444;\"><span style=\"font-family: arial, helvetica, sans-serif;\"><span style=\"font-size: medium;\">Les animaux de compagnie ne sont pas accept\u00e9s.<\/span><\/span><\/span><\/p><p><strong><span style=\"color: #444444;\"><span style=\"font-family: arial, helvetica, sans-serif;\"><span style=\"font-size: medium;\"><b>Article 11 \u2013 Art de vivre, utilisation des lieux :<\/b><\/span><\/span><\/span><\/strong><span style=\"color: #444444;\"><span style=\"font-family: arial, helvetica, sans-serif;\"><span style=\"font-size: medium;\"><br \/>&#8211; Les lilas de Bellefontaine est une maison d&rsquo;h\u00f4tes enti\u00e8rement non fumeur.<\/span><\/span><\/span><\/p><p><span style=\"color: #444444;\"><span style=\"font-family: arial, helvetica, sans-serif;\"><span style=\"font-size: medium;\">&#8211; Le client s\u2019engage \u00e0 rendre la maison en parfait \u00e9tat la fin du s\u00e9jour et \u00e0 d\u00e9clarer, et assumer financi\u00e8rement, toute d\u00e9gradation dont il est responsable.<br \/>&#8211; Les enfants sont sous la responsabilit\u00e9 de leurs parents.<\/span><\/span><\/span><\/p><p><strong><span style=\"color: #444444;\"><span style=\"font-family: arial, helvetica, sans-serif;\"><span style=\"font-size: medium;\"><b>Article 12 \u2013 Wifi :<\/b><\/span><\/span><\/span><\/strong><\/p><p><span style=\"color: #444444;\"><span style=\"font-family: arial, helvetica, sans-serif;\"><span style=\"font-size: medium;\">Un acc\u00e8s internet gratuit par Wifi est accessible dans toute la maison.<\/span><\/span><\/span><\/p><p><strong><span style=\"color: #444444;\"><span style=\"font-family: arial, helvetica, sans-serif;\"><span style=\"font-size: medium;\"><b>Les pr\u00e9sentes conditions de vente sont modifiables \u00e0 tout moment sans pr\u00e9avis. L\u2019acceptation et le respect de ces conditions g\u00e9n\u00e9rales de vente sont r\u00e9put\u00e9s acquis d\u00e8s le versement des arrhes.<\/b><\/span><\/span><\/span><\/strong><\/p>\t\t\t\t\t\t\t\t<\/div>\n\t\t\t\t<\/div>\n\t\t\t\t\t<\/div>\n\t\t\t\t<\/div>\n\t\t\t\t<\/div>\n\t\t","protected":false},"excerpt":{"rendered":"<p>Conditions g\u00e9n\u00e9rales de vente pour les r\u00e9servations de la maison d&rsquo;h\u00f4tes auxLilas de Bellefontaine 14400 Bayeux Article 1 \u2013 Dur\u00e9e du s\u00e9jour : Le client loue la maison d&rsquo;h\u00f4tes pour une dur\u00e9e d\u00e9termin\u00e9e et ne pourra en aucune circonstance se pr\u00e9valoir d\u2019un quelconque droit au maintien dans les lieux. Article 2 \u2013 Validation d\u2019une r\u00e9servation [&hellip;]<\/p>\n","protected":false},"author":1,"featured_media":0,"parent":0,"menu_order":0,"comment_status":"closed","ping_status":"closed","template":"","meta":{"footnotes":""},"class_list":["post-45","page","type-page","status-publish","hentry"],"yoast_head":"<!-- This site is optimized with the Yoast SEO plugin v27.3 - https:\/\/yoast.com\/product\/yoast-seo-wordpress\/ -->\n<title>Conditions g\u00e9n\u00e9rales de vente - Les Lilas de Bellefontaine<\/title>\n<meta name=\"robots\" content=\"index, follow, max-snippet:-1, max-image-preview:large, max-video-preview:-1\" \/>\n<link rel=\"canonical\" href=\"https:\/\/www.leslilasdebellefontaine.com\/index.php\/conditions-generales-de-vente\/\" \/>\n<meta property=\"og:locale\" content=\"fr_FR\" \/>\n<meta property=\"og:type\" content=\"article\" \/>\n<meta property=\"og:title\" content=\"Conditions g\u00e9n\u00e9rales de vente - Les Lilas de Bellefontaine\" \/>\n<meta property=\"og:description\" content=\"Conditions g\u00e9n\u00e9rales de vente pour les r\u00e9servations de la maison d&rsquo;h\u00f4tes auxLilas de Bellefontaine 14400 Bayeux Article 1 \u2013 Dur\u00e9e du s\u00e9jour : Le client loue la maison d&rsquo;h\u00f4tes pour une dur\u00e9e d\u00e9termin\u00e9e et ne pourra en aucune circonstance se pr\u00e9valoir d\u2019un quelconque droit au maintien dans les lieux. Article 2 \u2013 Validation d\u2019une r\u00e9servation [&hellip;]\" \/>\n<meta property=\"og:url\" content=\"https:\/\/www.leslilasdebellefontaine.com\/index.php\/conditions-generales-de-vente\/\" \/>\n<meta property=\"og:site_name\" content=\"Les Lilas de Bellefontaine\" \/>\n<meta property=\"article:modified_time\" content=\"2024-02-13T09:07:03+00:00\" \/>\n<meta name=\"twitter:card\" content=\"summary_large_image\" \/>\n<meta name=\"twitter:label1\" content=\"Dur\u00e9e de lecture estim\u00e9e\" \/>\n\t<meta name=\"twitter:data1\" content=\"3 minutes\" \/>\n<script type=\"application\/ld+json\" class=\"yoast-schema-graph\">{\"@context\":\"https:\\\/\\\/schema.org\",\"@graph\":[{\"@type\":\"WebPage\",\"@id\":\"https:\\\/\\\/www.leslilasdebellefontaine.com\\\/index.php\\\/conditions-generales-de-vente\\\/\",\"url\":\"https:\\\/\\\/www.leslilasdebellefontaine.com\\\/index.php\\\/conditions-generales-de-vente\\\/\",\"name\":\"Conditions g\u00e9n\u00e9rales de vente - Les Lilas de Bellefontaine\",\"isPartOf\":{\"@id\":\"https:\\\/\\\/www.leslilasdebellefontaine.com\\\/#website\"},\"datePublished\":\"2024-01-11T14:22:30+00:00\",\"dateModified\":\"2024-02-13T09:07:03+00:00\",\"breadcrumb\":{\"@id\":\"https:\\\/\\\/www.leslilasdebellefontaine.com\\\/index.php\\\/conditions-generales-de-vente\\\/#breadcrumb\"},\"inLanguage\":\"fr-FR\",\"potentialAction\":[{\"@type\":\"ReadAction\",\"target\":[\"https:\\\/\\\/www.leslilasdebellefontaine.com\\\/index.php\\\/conditions-generales-de-vente\\\/\"]}]},{\"@type\":\"BreadcrumbList\",\"@id\":\"https:\\\/\\\/www.leslilasdebellefontaine.com\\\/index.php\\\/conditions-generales-de-vente\\\/#breadcrumb\",\"itemListElement\":[{\"@type\":\"ListItem\",\"position\":1,\"name\":\"Accueil\",\"item\":\"https:\\\/\\\/www.leslilasdebellefontaine.com\\\/\"},{\"@type\":\"ListItem\",\"position\":2,\"name\":\"Conditions g\u00e9n\u00e9rales de vente\"}]},{\"@type\":\"WebSite\",\"@id\":\"https:\\\/\\\/www.leslilasdebellefontaine.com\\\/#website\",\"url\":\"https:\\\/\\\/www.leslilasdebellefontaine.com\\\/\",\"name\":\"Les Lilas de Bellefontaine\",\"description\":\"\",\"publisher\":{\"@id\":\"https:\\\/\\\/www.leslilasdebellefontaine.com\\\/#organization\"},\"potentialAction\":[{\"@type\":\"SearchAction\",\"target\":{\"@type\":\"EntryPoint\",\"urlTemplate\":\"https:\\\/\\\/www.leslilasdebellefontaine.com\\\/?s={search_term_string}\"},\"query-input\":{\"@type\":\"PropertyValueSpecification\",\"valueRequired\":true,\"valueName\":\"search_term_string\"}}],\"inLanguage\":\"fr-FR\"},{\"@type\":\"Organization\",\"@id\":\"https:\\\/\\\/www.leslilasdebellefontaine.com\\\/#organization\",\"name\":\"Les Lilas de Bellefontaine\",\"url\":\"https:\\\/\\\/www.leslilasdebellefontaine.com\\\/\",\"logo\":{\"@type\":\"ImageObject\",\"inLanguage\":\"fr-FR\",\"@id\":\"https:\\\/\\\/www.leslilasdebellefontaine.com\\\/#\\\/schema\\\/logo\\\/image\\\/\",\"url\":\"https:\\\/\\\/www.leslilasdebellefontaine.com\\\/wp-content\\\/uploads\\\/2024\\\/01\\\/logo_leslilasdebellefontaine_128_128-1.png\",\"contentUrl\":\"https:\\\/\\\/www.leslilasdebellefontaine.com\\\/wp-content\\\/uploads\\\/2024\\\/01\\\/logo_leslilasdebellefontaine_128_128-1.png\",\"width\":128,\"height\":128,\"caption\":\"Les Lilas de Bellefontaine\"},\"image\":{\"@id\":\"https:\\\/\\\/www.leslilasdebellefontaine.com\\\/#\\\/schema\\\/logo\\\/image\\\/\"}}]}<\/script>\n<!-- \/ Yoast SEO plugin. -->","yoast_head_json":{"title":"Conditions g\u00e9n\u00e9rales de vente - Les Lilas de Bellefontaine","robots":{"index":"index","follow":"follow","max-snippet":"max-snippet:-1","max-image-preview":"max-image-preview:large","max-video-preview":"max-video-preview:-1"},"canonical":"https:\/\/www.leslilasdebellefontaine.com\/index.php\/conditions-generales-de-vente\/","og_locale":"fr_FR","og_type":"article","og_title":"Conditions g\u00e9n\u00e9rales de vente - Les Lilas de Bellefontaine","og_description":"Conditions g\u00e9n\u00e9rales de vente pour les r\u00e9servations de la maison d&rsquo;h\u00f4tes auxLilas de Bellefontaine 14400 Bayeux Article 1 \u2013 Dur\u00e9e du s\u00e9jour : Le client loue la maison d&rsquo;h\u00f4tes pour une dur\u00e9e d\u00e9termin\u00e9e et ne pourra en aucune circonstance se pr\u00e9valoir d\u2019un quelconque droit au maintien dans les lieux. Article 2 \u2013 Validation d\u2019une r\u00e9servation [&hellip;]","og_url":"https:\/\/www.leslilasdebellefontaine.com\/index.php\/conditions-generales-de-vente\/","og_site_name":"Les Lilas de Bellefontaine","article_modified_time":"2024-02-13T09:07:03+00:00","twitter_card":"summary_large_image","twitter_misc":{"Dur\u00e9e de lecture estim\u00e9e":"3 minutes"},"schema":{"@context":"https:\/\/schema.org","@graph":[{"@type":"WebPage","@id":"https:\/\/www.leslilasdebellefontaine.com\/index.php\/conditions-generales-de-vente\/","url":"https:\/\/www.leslilasdebellefontaine.com\/index.php\/conditions-generales-de-vente\/","name":"Conditions g\u00e9n\u00e9rales de vente - Les Lilas de Bellefontaine","isPartOf":{"@id":"https:\/\/www.leslilasdebellefontaine.com\/#website"},"datePublished":"2024-01-11T14:22:30+00:00","dateModified":"2024-02-13T09:07:03+00:00","breadcrumb":{"@id":"https:\/\/www.leslilasdebellefontaine.com\/index.php\/conditions-generales-de-vente\/#breadcrumb"},"inLanguage":"fr-FR","potentialAction":[{"@type":"ReadAction","target":["https:\/\/www.leslilasdebellefontaine.com\/index.php\/conditions-generales-de-vente\/"]}]},{"@type":"BreadcrumbList","@id":"https:\/\/www.leslilasdebellefontaine.com\/index.php\/conditions-generales-de-vente\/#breadcrumb","itemListElement":[{"@type":"ListItem","position":1,"name":"Accueil","item":"https:\/\/www.leslilasdebellefontaine.com\/"},{"@type":"ListItem","position":2,"name":"Conditions g\u00e9n\u00e9rales de vente"}]},{"@type":"WebSite","@id":"https:\/\/www.leslilasdebellefontaine.com\/#website","url":"https:\/\/www.leslilasdebellefontaine.com\/","name":"Les Lilas de Bellefontaine","description":"","publisher":{"@id":"https:\/\/www.leslilasdebellefontaine.com\/#organization"},"potentialAction":[{"@type":"SearchAction","target":{"@type":"EntryPoint","urlTemplate":"https:\/\/www.leslilasdebellefontaine.com\/?s={search_term_string}"},"query-input":{"@type":"PropertyValueSpecification","valueRequired":true,"valueName":"search_term_string"}}],"inLanguage":"fr-FR"},{"@type":"Organization","@id":"https:\/\/www.leslilasdebellefontaine.com\/#organization","name":"Les Lilas de Bellefontaine","url":"https:\/\/www.leslilasdebellefontaine.com\/","logo":{"@type":"ImageObject","inLanguage":"fr-FR","@id":"https:\/\/www.leslilasdebellefontaine.com\/#\/schema\/logo\/image\/","url":"https:\/\/www.leslilasdebellefontaine.com\/wp-content\/uploads\/2024\/01\/logo_leslilasdebellefontaine_128_128-1.png","contentUrl":"https:\/\/www.leslilasdebellefontaine.com\/wp-content\/uploads\/2024\/01\/logo_leslilasdebellefontaine_128_128-1.png","width":128,"height":128,"caption":"Les Lilas de Bellefontaine"},"image":{"@id":"https:\/\/www.leslilasdebellefontaine.com\/#\/schema\/logo\/image\/"}}]}},"_links":{"self":[{"href":"https:\/\/www.leslilasdebellefontaine.com\/index.php\/wp-json\/wp\/v2\/pages\/45","targetHints":{"allow":["GET"]}}],"collection":[{"href":"https:\/\/www.leslilasdebellefontaine.com\/index.php\/wp-json\/wp\/v2\/pages"}],"about":[{"href":"https:\/\/www.leslilasdebellefontaine.com\/index.php\/wp-json\/wp\/v2\/types\/page"}],"author":[{"embeddable":true,"href":"https:\/\/www.leslilasdebellefontaine.com\/index.php\/wp-json\/wp\/v2\/users\/1"}],"replies":[{"embeddable":true,"href":"https:\/\/www.leslilasdebellefontaine.com\/index.php\/wp-json\/wp\/v2\/comments?post=45"}],"version-history":[{"count":13,"href":"https:\/\/www.leslilasdebellefontaine.com\/index.php\/wp-json\/wp\/v2\/pages\/45\/revisions"}],"predecessor-version":[{"id":575,"href":"https:\/\/www.leslilasdebellefontaine.com\/index.php\/wp-json\/wp\/v2\/pages\/45\/revisions\/575"}],"wp:attachment":[{"href":"https:\/\/www.leslilasdebellefontaine.com\/index.php\/wp-json\/wp\/v2\/media?parent=45"}],"curies":[{"name":"wp","href":"https:\/\/api.w.org\/{rel}","templated":true}]}}